- -410. Let d(r) = 3*r**2 + 54*r - 21. Let g be d(-19). Calculate the highest common factor of j and g.
36
Let z = 44 - -225. Let f = -261 + z. Calculate the highest common divisor of 88 and f.
8
Suppose 3*s - 29 - 31 = 2*k, -s + 104 = -3*k. Let b = k + 39. Suppose -g = -4*u + 127, -3*g = -12 - b. What is the highest common divisor of u and 11?
11
Let x = -4536 - -4548. Calculate the highest common divisor of 3156 and x.
12
Let q = 701 + -285. Let j be (-5 - 256/(-4)) + -7. What is the highest common divisor of q and j?
52
Suppose -5*z - 2*r = -244, 4*r = -2*z + r + 102. Let s = 32 - 63. Let o = s - -39. What is the greatest common divisor of z and o?
8
Let o be (-3)/((-18)/340)*(-693)/11. Let m be (-4)/22 + (o/(-11))/3. Suppose -3*z + m = 18. Calculate the greatest common factor of 20 and z.
10
Let m(n) = n**3 - 96*n**2 + 2*n + 130. Let o be m(96). Calculate the greatest common factor of o and 602.
14
Suppose -10*q + 23 = 3. Suppose 120 = 6*k - q*k. Calculate the greatest common divisor of 210 and k.
30
Suppose 5*l - 15 - 4 = -a, 5*a + 4*l - 32 = 0. Suppose a*t + 5*g = -0*g + 97, 5*g = 2*t - 71. Calculate the greatest common factor of 700 and t.
28
Suppose -1811 = -3*f - 5*i, 0 = -20*f + 21*f - 4*i - 598. Calculate the greatest common factor of f and 42.
14
Let l = 169 - 126. Suppose 11*p = 65 - l. Calculate the highest common factor of p and 62.
2
Let v(m) = -109*m - 2047. Let c be v(-20). What is the highest common factor of c and 4256?
133
Let p be (-866)/(-18) - (30/27 - 1). Let t be (4/(p/(-60)))/((-10)/6). Calculate the highest common divisor of 5 and t.
1
Suppose -7*v = -13*v + 138. Let g be (-1)/((-2)/4) + -16. Let b = v + g. What is the greatest common divisor of 9 and b?
9
Let x = 101 + -26. Let a be 3 - -2*(-3)/(-2). Calculate the greatest common divisor of a and x.
3
Let f(g) = -g**3 + 56*g**2 - 99*g - 60. Let h be f(52). Calculate the greatest common factor of h and 8.
8
Suppose -11*t = 851 + 1415. Let s = t - -404. Calculate the greatest common factor of 72 and s.
18
Suppose -6591*g = -6560*g - 41075. What is the highest common divisor of g and 275?
25
Suppose 0 = -r + 2*h - 7 + 127, 0 = 4*r - 5*h - 480. Calculate the highest common factor of 32 and r.
8
Let s be (98/(-21))/((-4)/42). Let p(b) = 13*b**2 - 452*b + 343. Let h be p(34). Calculate the highest common divisor of h and s.
1
Let h(y) = y**3 + 23*y**2 - 50*y + 5. Let m be h(5). Calculate the greatest common divisor of m and 175.
35
Let q(x) be the first derivative of 7*x**2 + 2*x + 28. Let z be q(-2). Let c(t) = 3*t + 87. Let i be c(z). What is the greatest common factor of 3 and i?
3
Let z = 4305 + -4201. Calculate the highest common divisor of 120 and z.
8
Let f = 41 - 28. Suppose 5*a - f = 2*k, 3*k = -4*a - 2*k + 17. Suppose 504 - 80 = -34*h + 1546. What is the greatest common divisor of h and a?
3
Let i = 555 + -834. Let f be ((-22)/6 + -1)/(62/i). Suppose 0 = -d - d + 294. Calculate the greatest common divisor of f and d.
21
Suppose 2*v = g + 66, 0 = -2*g - 2*g - 16. Let s be (-6)/(-2) - v*1. Let p = s + 59. What is the highest common factor of 279 and p?
31
Let v = -111 + 74. Let n = v - -41. Suppose 105 - 445 = -n*b. Calculate the highest common divisor of b and 17.
17
Suppose -13650*g = -13683*g + 30525. What is the greatest common divisor of 7585 and g?
185
Let n be -3 - (-12)/(254/276 + 60/(-72)). Suppose 405 = -9*c + 18*c. What is the greatest common factor of c and n?
45
Let b(k) = -3*k + 118. Let q be b(38). Suppose -5*z = -5*p + 45, 3*z - 25 - q = -p. Suppose j - 7 - 7 = 0. What is the greatest common factor of j and p?
14
Let a(y) = -y**3 - 10*y**2 + 26*y + 14. Let i be a(-12). Let r be (-196)/(-490) + (-406)/i. What is the highest common divisor of 1 and r?
1
Let y(q) = 26*q + 292. Let w be y(10). What is the greatest common factor of w and 120?
24
Suppose 3*w + 4*z - 2435 - 2393 = 0, -2*w + 5*z + 3234 = 0. What is the highest common factor of w and 26?
26
Let i be (10/8)/(4/16). Suppose -9*v + 80 = -i*v. Let g be (4/5)/(2/125). What is the greatest common divisor of v and g?
10
Let z(w) = w**3 - 9*w**2 + 85. Let f be z(0). Calculate the greatest common divisor of f and 10880.
85
Suppose 0 = 3*o - 5*n - 27, 88 - 56 = 5*o - 4*n. Suppose -o*j - 9*j = -2236. Calculate the greatest common factor of j and 43.
43
Let w = 1480 - 1466. Calculate the greatest common factor of w and 4298.
14
Let l(d) = 12*d**2 - 3*d + 13. Let o be l(3). Suppose -40 = o*h - 113*h. Calculate the highest common factor of h and 10.
10
Let l = 71 - 69. Suppose -m + 2 = -l. Suppose -f + u + 28 = f, 52 = m*f - 4*u. What is the greatest common divisor of 6 and f?
3
Let b(q) = 99*q - 4245. Let d be b(47). What is the greatest common divisor of 1972 and d?
68
Let t be (-6)/30 + (-6)/(-5) + -1. Suppose t*n - n = 3*n. Suppose -9 = -2*b - 5*w - n, -4*b = -2*w - 6. What is the greatest common factor of b and 2?
2
Let l(m) = 17*m**2 + 135*m - 842. Let k be l(6). What is the greatest common factor of k and 100?
20
Let c = -6921 + 7062. Calculate the greatest common factor of c and 5.
1
Let t be (-13122)/(-10) - (8/40 + 1). What is the greatest common factor of 759 and t?
69
Let d be 185 + -183 + 1 + 0. Let l be (-7)/35 - (-32)/10. Let f = 1 + l. Calculate the greatest common divisor of f and d.
1
Suppose 3*u - 42 = 2*n, -3*n + n + 6 = 0. Suppose -u*t - 15*t = -2480. Calculate the greatest common factor of t and 520.
40
Suppose 3*f - z - 2*z = 207, -278 = -4*f + 2*z. Suppose y = -4*j + f, j + 145 = 8*y - 5*y. What is the greatest common factor of 650 and y?
50
Suppose 0 = 67*h - h - 145530. Calculate the greatest common divisor of 45 and h.
45
Let w be -4 - -3*40/15. Suppose -w*h - 52 = -v, 6*v = 11*v + 4*h - 260. Calculate the highest common divisor of v and 13.
13
Let j(z) = 308*z**3 + 2*z**2 - 3*z + 6. Let u be j(2). Suppose -4*q + u = -5*f - 761, 3*f = -q + 821. Calculate the greatest common divisor of 28 and q.
28
Let p be 3*1/(-2)*6. Let a be 3/p*3*0. Suppose 2*g - 5*g + 5*q + 46 = a, -2*g = -5*q - 24. Calculate the greatest common divisor of g and 33.
11
Let a(x) = 131*x**2 + x - 13 + 5*x - 120*x**2 - 2*x**3 + 18. Let u be a(-5). Calculate the greatest common factor of 20 and u.
20
Suppose -353*i = -20126 - 22234. Let a be 36*(2/3)/1. Calculate the greatest common divisor of a and i.
24
Let w be (-42)/112 - (-38)/16. Calculate the greatest common divisor of 474 and w.
2
Suppose 0 = 2*h - 3*h + 65. Let i be (-2)/15 + 2256/45 + 0. Suppose 0 = 5*x + 5*x - i. Calculate the highest common divisor of x and h.
5
Suppose 4 = -43*l + 44*l. Suppose 0 = -y - 4*s + 4, y - l = -0*s - s. Suppose 0 = -m - v + 4 + y, -m + v = -14. What is the highest common divisor of m and 1?
1
Let f(o) = -611*o - 14695. Let n be f(-27). What is the highest common factor of n and 2226?
106
Let m(b) = -b**3 - 20*b**2 + 13*b + 572. Let t be m(-20). What is the highest common divisor of t and 2769?
39
Let r(v) = 10*v**3 - 4*v + 2. Let h be -1*(4 + (-5)/((-25)/(-30))). Let n be r(h). What is the highest common divisor of n and 111?
37
Let g be -1 + -1 + (3 - 0) - -409. Let r be (-8)/(g/(-135) - -3). Calculate the greatest common divisor of 144 and r.
72
Let k = 5235 + -5213. What is the highest common factor of k and 2277?
11
Suppose -371 = -a - 3*w, 0*w + 3*w = 4*a - 1499. Let g = -384 + 395. Calculate the greatest common divisor of g and a.
11
Let u(o) = -o + 15. Let c = -126 - -179. Let x = c + -43. Let j be u(x). Calculate the greatest common divisor of j and 2.
1
Let r(q) = 2*q**2 + 3 - 4*q + 0 - 2*q + 0. Let n be r(-6). Let a be ((-3145)/(-595))/(2/14). Calculate the greatest common divisor of n and a.
37
Suppose 4*d = -23 + 3, 5*d = 3*n - 82. Suppose i - 2*q = -64, -5*i - 2*q = 229 + 55. Let y = 96 + i. What is the greatest common divisor of y and n?
19
Let u be ((-1)/(4/(-16)))/(-1 + 3). Suppose -7 - 27 = -2*p + r, 3*p = u*r + 51. What is the highest common factor of 17 and p?
17
Suppose 144 = -2*z - 3*c, c + 288 = 9*z - 13*z. Let y = z + 87. Calculate the highest common factor of y and 250.
5
Let u(o) = 62*o**2 - 184*o + 43. Let y be u(4). What is the greatest common divisor of y and 78?
13
Let r be (27/45 - (-82)/(-70))*-49. Calculate the greatest common divisor of 52 and r.
4
Let z be (3 - 0)*3*60. Suppose 4*d 